 and u?
2
Let c = 31 - 97. Let d be 2*(0/1 + 2). Let y be (d/(-6))/(4/c). Calculate the highest common divisor of 44 and y.
11
Let h = 10 + -6. Suppose 4*t + 165 = 3*i, -2*t - 220 = -h*i + 3*t. Let c = -2 + 24. What is the greatest common divisor of c and i?
11
Let s = -2 - -2. Suppose -2*l + k + 3 = 0, s = -5*l - k - 3 + 21. Suppose -2*o = -t - 124, 4*o - 56 = l*o - t. What is the highest common divisor of 24 and o?
12
Let m(w) = w**2 + 2*w - 5. Let k be m(-5). Calculate the highest common divisor of k and 5.
5
Let t be (0 - -1) + 12/4. Suppose -t*v = 4*l - 304, 431 = 5*v + 4*l + 47. Let r be ((-6)/(-15))/(2/v). Calculate the greatest common factor of 2 and r.
2
Suppose -4*n + z + 239 = -297, -3*z + 12 = 0. What is the highest common factor of 15 and n?
15
Let x = 12 - 8. Suppose 4*n - x*g - 528 = 0, -5*g + 414 = 3*n - 2*g. What is the greatest common factor of n and 27?
27
Suppose 0 = -4*x - 3*d - 2*d + 40, 8 = 2*d. Suppose -3*n = -h - 1, -x*n + 2 - 1 = -2*h. Calculate the greatest common factor of 2 and n.
1
Let f(x) = -x**2 + 9*x - 3. Let v be f(8). Suppose m - 9 = -v*a + 2*a, a + 5*m = 3. Let t = a + 4. Calculate the highest common divisor of t and 14.
7
Let c(h) = -4*h + h**2 + 3 + 3*h + 9 + 3. Let j be c(0). Calculate the greatest common divisor of j and 120.
15
Let y be 0/(-3) - (0 + -70). Let f = 26 + y. Calculate the greatest common factor of f and 12.
12
Let h(z) = -2*z - 8. Suppose 0 = k + 4*x + 9, k - 2*x + 1 + 2 = 0. Let f = -11 - k. Let a be h(f). What is the highest common divisor of 1 and a?
1
Suppose 2*j + 2 = 3*j. Let b = -1 + j. Let n be (9*b)/(6/4). What is the highest common factor of 3 and n?
3
Suppose -14*z = -10*z - 108. Let j(d) = 8*d**2 - 6*d + 4. Let s be j(4). What is the highest common divisor of s and z?
27
Let x = 56 - 53. Let w(i) = 3*i. Let g be w(3). Calculate the greatest common factor of g and x.
3
Let o(a) = 2*a**2 + 9*a - 22. Let n be o(-10). What is the greatest common factor of n and 11?
11
Let t(k) = 2*k + 3. Let i be t(5). Suppose 2*q - h - 56 = 0, -2*h - 8 = -0*h. Calculate the highest common factor of i and q.
13
Let t(a) = a**3 + a**2 + 64. Let i be t(0). Let u = 89 - i. Suppose -4*l + 1 = 5*b - 24, -5*b + 5 = 2*l. What is the greatest common divisor of l and u?
5
Let c be -40*(-10 - -4)*(-1)/(-8). What is the highest common divisor of c and 180?
30
Let u(p) = 6 - 5*p + 0 + 5*p**2 + p**3 - 1 + 3. Let v be u(-6). Calculate the greatest common divisor of v and 3.
1
Suppose 9*x - 42 = 6*x. What is the greatest common divisor of 14 and x?
14
Let u(v) = -4*v + 8. Let b(l) = -5*l + 8. Let w(g) = 3*b(g) - 4*u(g). Let c be w(9). Calculate the highest common factor of c and 8.
1
Let p = 49 - 42. What is the greatest common factor of p and 42?
7
Let i = 8 + -79. Let d = -17 - i. Suppose -v + d = 2*v. What is the highest common divisor of v and 144?
18
Suppose 0 = -2*r + 3*r - 38. Suppose 5*b = r + 82. Calculate the highest common factor of b and 6.
6
Let m(d) = 2*d**3 - 2*d**2 - d. Let r be m(2). Calculate the greatest common divisor of 15 and r.
3
Let c = 32 - -3. What is the greatest common divisor of 5 and c?
5
Suppose -3*x + 32 = -73. Calculate the greatest common divisor of 7 and x.
7
Let x(t) = t**3 + 7*t**2 + 2*t + 8. Let g be x(-6). Suppose -4*w + 8 = 0, -c - 6*w = -2*w - 264. What is the greatest common divisor of g and c?
32
Let z(q) = q**3 - q**2 - q. Let k = 5 + -3. Let r be z(k). Suppose -r*h = -3*h + 11. What is the highest common factor of 33 and h?
11
Let r(o) = -24*o - 6. Let f(z) = z**2 - 9*z + 11. Let c be f(7). Let l be r(c). What is the greatest common factor of l and 22?
22
Let r = 5 - 1. Suppose 10 = 5*d + 2*c, d + 4*c = -r*d + 10. Let j be (-6)/(2 + (-5)/2). What is the highest common divisor of j and d?
2
Let i = -5 + 13. Suppose 0*u = 2*u - i. What is the highest common factor of 2 and u?
2
Suppose 5*c - 65 = -3*w - 0, -c - 65 = -2*w. Calculate the greatest common factor of 10 and w.
10
Suppose -16 = -4*w - 0*w. Suppose 0 = -4*h - w*g + 20, -h + 4*g = -4*h + 11. Calculate the greatest common factor of 9 and h.
9
Let d be -15*5/(-30)*1*4. Calculate the greatest common factor of 2 and d.
2
Suppose 17 = 4*g - 35. Let a = -9 + g. Suppose 0 = -3*o + y + 53, -2*o - a*y + 8 = -4. Calculate the highest common factor of o and 64.
16
Suppose -10 = -t - 0*t. Let f = -10 + t. Let w be (-1 - 1) + f + 28. What is the greatest common divisor of 13 and w?
13
Suppose 0*o = 5*o + 4*d - 85, 0 = -3*o + 3*d + 51. What is the highest common factor of 1 and o?
1
Let a(f) = f**2 + 2*f. Let r(x) = -x**2 - 2*x + 1. Let j(l) = 3*a(l) + 2*r(l). Let z be j(-4). Calculate the greatest common divisor of 25 and z.
5
Suppose -w - 3 + 4 = 0. Let o be 8 + w + 2*1. Calculate the highest common divisor of o and 88.
11
Suppose 171*p - 104 = 167*p. What is the greatest common factor of p and 39?
13
Let n = -28 + 30. Calculate the greatest common divisor of n and 18.
2
Suppose -3*p + 10*p = 210. Calculate the highest common divisor of 210 and p.
30
Suppose 12 = 18*b - 6*b. Suppose -5*j - 4*r + 15 = 0, 3*j = -r + 3 + 6. Calculate the greatest common divisor of b and j.
1
Let u(p) = -4*p - 5*p**2 + 7 + p + 4*p**2 - 3*p. Let a be u(-5). Calculate the highest common factor of 18 and a.
6
Let s = 220 + -130. Calculate the highest common factor of s and 30.
30
Let m(a) = -8 - a + 1 - 2. Let p be m(-9). Suppose k - 2*z = 10, 2*k + p*k + 2*z = 8. What is the highest common factor of k and 48?
6
Let z = 37 + -13. Calculate the greatest common divisor of z and 96.
24
Let b be 6/(-15)*(6 - 1). Let j be (b + 7)*(-16)/(-10). Suppose 6 - 42 = -3*c. What is the greatest common divisor of c and j?
4
Suppose -r = -2*w - 129, 279 = 2*r - w + 4*w. Calculate the highest common factor of 27 and r.
27
Suppose 4*f + 85 = 5*q, 2*q - 2*f = -6*f + 34. Let x = 145 - 94. What is the highest common factor of x and q?
17
Let q(h) = -h - 1. Let p be q(-1). Suppose 2*u + p - 12 = 0. Suppose 4*w - 92 = -n, -33 - 23 = -2*w + 2*n. What is the highest common divisor of u and w?
6
Suppose -k + 68 = -0*f - 3*f, 3*k + 2*f = 237. Calculate the highest common divisor of k and 11.
11
Let k = 47 + -30. Suppose -4*q = 3*g - 37, -2*q + k + 4 = -g. What is the highest common factor of 15 and q?
5
Suppose -14*u - 22 = -16*u. What is the greatest common divisor of 77 and u?
11
Suppose 0*a - 5*a + 110 = 0. Calculate the greatest common factor of 88 and a.
22
Let c be (-106)/(-3) + (-6)/(-9). Let y be 1182/c - 1/(-6). Calculate the greatest common factor of 22 and y.
11
Let q(l) = l**2 + 30. Let g be q(0). What is the greatest common divisor of 10 and g?
10
Suppose 0 = -5*l - 3*i + 54, -3*l + 3*i + 42 = -0*i. Suppose 2 = a + l. Let j = 24 + a. What is the highest common divisor of 14 and j?
14
Let b(j) = j**3 - 7*j**2 - 5*j - 16. Let x be b(8). Let z be 0 + 0 - -11*8. What is the highest common factor of x and z?
8
Let m be (-2)/(-4)*2*0. Let s = m + 12. Let d(l) = l**3 + 10*l**2 + 16*l + 6. Let o be d(-8). Calculate the highest common factor of s and o.
6
Suppose 8*r = 3*r. Suppose r = -4*l - 4*t + 44, -2*t = 2*l - 4*l + 38. Let u be (l/9)/((-1)/(-63)). Calculate the greatest common factor of u and 15.
15
Let m(f) = -f**3 + 8*f**2 + 8*f + 4. Let l be m(9). Let w be 4/(0 - -2) - l. Calculate the greatest common divisor of w and 1.
1
Let m(d) = -d**3 + 18*d**2 + 24*d. Let h be m(19). Calculate the greatest common divisor of 76 and h.
19
Let f = -6 - -18. Let c be (-18)/f*-1*24. Calculate the greatest common divisor of 9 and c.
9
Suppose -4*z = 20, -z = -2*y + 2*z + 25. Suppose 4*r - 7*r + y*v + 22 = 0, -4*r - 3*v = -68. Calculate the highest common factor of 70 and r.
14
Let g(c) = -c**2 + 15. Let i be g(0). Suppose 0 = -5*k + 34 + 116. Calculate the highest common factor of k and i.
15
Let m be ((-22)/6)/((-3)/(-9)). Let h = 3 - m. Suppose 2*u - h = u. Calculate the greatest common factor of u and 7.
7
Let p be 9/(-6) - (-129)/2. Let k = p + -35. Calculate the greatest common factor of k and 14.
14
Let g = -5 + 6. Let m be -2 - ((-13)/g - 0). Suppose 55 = 2*i - 121. Calculate the highest common divisor of m and i.
11
Suppose -2*q - 63 - 1 = 0. Let d be -1 + -2 + q/(-4). Suppose -2*n + 29 = 3*x, 0 = -d*n + x + 53 - 6. Calculate the greatest common divisor of n and 10